is the units digit of 9147336?
6
What is the units digit of 29031766?
6
What is the thousands digit of 3650246?
0
What is the tens digit of 200148?
4
What is the hundreds digit of 19847?
8
What is the hundreds digit of 230634?
6
What is the millions digit of 7259032?
7
What is the ten thousands digit of 77269?
7
What is the ten thousands digit of 203152?
0
What is the tens digit of 1027816?
1
What is the ten thousands digit of 709172?
0
What is the ten thousands digit of 351161?
5
What is the ten millions digit of 23675262?
2
What is the ten thousands digit of 292649?
9
What is the hundreds digit of 13904898?
8
What is the millions digit of 1491749?
1
What is the thousands digit of 4983979?
3
What is the ten thousands digit of 20202891?
0
What is the hundred thousands digit of 2460264?
4
What is the hundreds digit of 2374233?
2
What is the ten thousands digit of 2040879?
4
What is the tens digit of 5300307?
0
What is the tens digit of 130033?
3
What is the units digit of 570766?
6
What is the ten thousands digit of 151142?
5
What is the tens digit of 441221?
2
What is the hundred thousands digit of 112169?
1
What is the tens digit of 14158818?
1
What is the hundred thousands digit of 2364311?
3
What is the thousands digit of 20453970?
3
What is the units digit of 13033215?
5
What is the tens digit of 306827?
2
What is the thousands digit of 5558079?
8
What is the ten thousands digit of 995979?
9
What is the ten thousands digit of 5685017?
8
What is the thousands digit of 518861?
8
What is the tens digit of 157911?
1
What is the millions digit of 34929934?
4
What is the ten thousands digit of 659236?
5
What is the units digit of 483926?
6
What is the ten thousands digit of 639573?
3
What is the hundreds digit of 736111?
1
What is the units digit of 568931?
1
What is the tens digit of 28088?
8
What is the millions digit of 1629655?
1
What is the tens digit of 672947?
4
What is the hundred thousands digit of 12406462?
4
What is the units digit of 14974102?
2
What is the units digit of 3163025?
5
What is the tens digit of 118939?
3
What is the tens digit of 2005890?
9
What is the thousands digit of 234581?
4
What is the tens digit of 358753?
5
What is the thousands digit of 3679097?
9
What is the ten thousands digit of 1710526?
1
What is the units digit of 539617?
7
What is the ten thousands digit of 39344?
3
What is the units digit of 6734928?
8
What is the tens digit of 675501?
0
What is the units digit of 17760768?
8
What is the hundreds digit of 471472?
4
What is the ten thousands digit of 349073?
4
What is the ten millions digit of 11357380?
1
What is the thousands digit of 4831147?
1
What is the tens digit of 17620911?
1
What is the tens digit of 250661?
6
What is the hundreds digit of 283525?
5
What is the thousands digit of 431649?
1
What is the hundred thousands digit of 18826939?
8
What is the tens digit of 93473?
7
What is the thousands digit of 127968?
7
What is the hundreds digit of 94512?
5
What is the units digit of 164967?
7
What is the thousands digit of 5609094?
9
What is the hundred thousands digit of 5736811?
7
What is the hundreds digit of 16674972?
9
What is the hundred thousands digit of 638058?
6
What is the units digit of 66505?
5
What is the hundred thousands digit of 258024?
2
What is the ten millions digit of 15065108?
1
What is the ten thousands digit of 151271?
5
What is the millions digit of 3213409?
3
What is the hundred thousands digit of 33537064?
5
What is the units digit of 247384?
4
What is the millions digit of 4113051?
4
What is the units digit of 16750?
0
What is the units digit of 2402579?
9
What is the units digit of 2243746?
6
What is the tens digit of 72171?
7
What is the tens digit of 544674?
7
What is the thousands digit of 41216?
1
What is the tens digit of 19179181?
8
What is the thousands digit of 10909077?
9
What is the hundreds digit of 66129?
1
What is the thousands digit of 5421067?
1
What is the hundred thousands digit of 8399951?
3
What is the tens digit of 222918?
1
What is the hundreds digit of 3121687?
6
What is the hundreds digit of 75593?
5
What is the hundreds digit of 169300?
3
What is the ten thousands digit of 11468176?
6
What is the ten thousands digit of 1926377?
2
What is the ten thousands digit of 651242?
5
What is the hundreds digit of 216618?
6
What is the hundreds digit of 10961447?
4
What is the hundreds digit of 21764643?
6
What is the units digit of 297374?
4
What is the tens digit of 132787?
8
What is the units digit of 676226?
6
What is the tens digit of 2622?
2
What is the units digit of 552775?
5
What is the thousands digit of 93683?
3
What is the ten thousands digit of 242286?
4
What is the units digit of 744289?
9
What is the thousands digit of 6616880?
6
What is the tens digit of 7568316?
1
What is the hundreds digit of 2304514?
5
What is the tens digit of 1641496?
9
What is the tens digit of 11695104?
0
What is the millions digit of 7052297?
7
What is the thousands digit of 7902163?
2
What is the hundred thousands digit of 1003852?
0
What is the hundred thousands digit of 1181612?
1
What is the tens digit of 385463?
6
What is the hundred thousands digit of 460419?
4
What is the ten thousands digit of 211328?
1
What is the ten thousands digit of 1265181?
6
What is the hundred thousands digit of 868762?
8
What is the thousands digit of 4670209?
0
What is the hundred thousands digit of 234489?
2
What is the units digit of 10779045?
5
What is the ten thousands digit of 17129787?
2
What is the hundred thousands digit of 513763?
5
What is the ten thousands digit of 28441?
2
What is the hundred thousands digit of 241212?
2
What is the tens digit of 4635546?
4
What is the ten thousands digit of 2300920?
0
What is the tens digit of 317110?
1
What is the thousands digit of 164047?
4
What is the thousands digit of 277312?
7
What is the units digit of 314303?
3
What is the hundred thousands digit of 4535802?
5
What is the ten thousands digit of 7291430?
9
What is the units digit of 842420?
0
What is the tens digit of 24269?
6
What is the ten thousands digit of 90443?
9
What is the units digit of 1357712?
2
What is the tens digit of 5144972?
7
What is the hundred thousands digit of 1913793?
9
What is the millions digit of 4659596?
4
What is the hundreds digit of 5183433?
4
What is the tens digit of 16307489?
8
What is the thousands digit of 1929433?
9
What is the hundred thousands digit of 791043?
7
What is the millions digit of 19209239?
9
What is the hundreds digit of 463813?
8
What is the units digit of 4399755?
5
What is the hundreds digit of 174701?
7
What is the units digit of 1280890?
0
What is the ten thousands digit of 15182477?
8
What is the thousands digit of 69577?
9
What is the hundred thousands digit of 1288305?
2
What is the tens digit of 82080?
8
What is the ten millions digit of 25252040?
2
What is the hundred thousands digit of 195570?
1
What is the hundred thousands digit of 5926240?
9
What is the units digit of 463357?
7
What is the units digit of 2100998?
8
What is the units digit of 3974029?
9
What is the units digit of 20177583?
3
What is the ten thousands digit of 2282692?
8
What is the tens digit of 616953?
5
What is the units digit of 1464712?
2
What is the hundreds digit of 29613?
6
What is the hundred thousands digit of 1194205?
1
What is the tens digit of 843223?
2
What is the millions digit of 3920121?
3
What is the ten thousands digit of 11002235?
0
What is the hundred thousands digit of 331450?
3
What is the hundreds digit of 159553?
5
What is the hundred thousands digit of 349005?
3
What is the ten thousands digit of 276342?
7
What is the tens digit of 336454?
5
What is the ten thousands digit of 1118314?
1
What is the units digit of 82131?
1
What is the tens digit of 11240281?
8
What is the thousands digit of 7704957?
4
What is the thousands digit of 635831?
5
What is the units digit of 382238?
8
What is the hundred thousands digit of 1746972?
7
What is the units digit of 20878915?
5
What is the thousands digit of 2104785?
4
What is the ten thousands digit of 369295?
6
What is the hundreds digit of 908051?
0
What is the units digit of 110660?
0
What is the thousands digit of 918136?
8
What is the ten thousands digit of 2752265?
5
What is the